{"id":41,"date":"2020-10-22T00:12:39","date_gmt":"2020-10-22T00:12:39","guid":{"rendered":"https:\/\/schqc.cl\/sitio\/?page_id=41"},"modified":"2022-04-07T22:36:18","modified_gmt":"2022-04-07T22:36:18","slug":"inicio","status":"publish","type":"page","link":"https:\/\/schqc.cl\/sitio\/","title":{"rendered":"Inicio"},"content":{"rendered":"<div id=\"pl-41\"  class=\"panel-layout\" ><div id=\"pg-41-0\"  class=\"panel-grid panel-no-style\" ><div id=\"pgc-41-0-0\"  class=\"panel-grid-cell\" ><div id=\"panel-41-0-0-0\" class=\"so-panel widget widget_headline-widget panel-first-child panel-last-child\" data-index=\"0\" >\t\t<h1>Bienvenidos a  la Sociedad Chilena de Qu\u00edmica Cl\u00ednica - SCHQC<\/h1>\n\t\t<div class=\"decoration\"><div class=\"decoration-inside\"><\/div><\/div>\n\t\t<h3><\/h3>\n\t\t<\/div><\/div><\/div><div id=\"pg-41-1\"  class=\"panel-grid panel-no-style\" ><div id=\"pgc-41-1-0\"  class=\"panel-grid-cell\" ><div id=\"panel-41-1-0-0\" class=\"so-panel widget widget_sow-editor panel-first-child panel-last-child\" data-index=\"1\" ><div class=\"so-widget-sow-editor so-widget-sow-editor-base\"><h3 class=\"widget-title\">In Memoriam<\/h3>\n<div class=\"siteorigin-widget-tinymce textwidget\">\n\t<p><img loading=\"lazy\" class=\"alignnone wp-image-368 size-full\" src=\"https:\/\/schqc.cl\/sitio\/wp-content\/uploads\/2022\/04\/Comunicado-fallecimiento-Dr.-Inostroza.png\" alt=\"\" width=\"2271\" height=\"3135\" srcset=\"https:\/\/schqc.cl\/sitio\/wp-content\/uploads\/2022\/04\/Comunicado-fallecimiento-Dr.-Inostroza.png 2271w, https:\/\/schqc.cl\/sitio\/wp-content\/uploads\/2022\/04\/Comunicado-fallecimiento-Dr.-Inostroza-217x300.png 217w, https:\/\/schqc.cl\/sitio\/wp-content\/uploads\/2022\/04\/Comunicado-fallecimiento-Dr.-Inostroza-742x1024.png 742w, https:\/\/schqc.cl\/sitio\/wp-content\/uploads\/2022\/04\/Comunicado-fallecimiento-Dr.-Inostroza-768x1060.png 768w, https:\/\/schqc.cl\/sitio\/wp-content\/uploads\/2022\/04\/Comunicado-fallecimiento-Dr.-Inostroza-1113x1536.png 1113w, https:\/\/schqc.cl\/sitio\/wp-content\/uploads\/2022\/04\/Comunicado-fallecimiento-Dr.-Inostroza-1484x2048.png 1484w\" sizes=\"(max-width: 2271px) 100vw, 2271px\" \/><\/p>\n<hr \/>\n<\/div>\n<\/div><\/div><\/div><\/div><div id=\"pg-41-2\"  class=\"panel-grid panel-no-style\" ><div id=\"pgc-41-2-0\"  class=\"panel-grid-cell\" ><div id=\"panel-41-2-0-0\" class=\"so-panel widget widget_sow-editor panel-first-child panel-last-child\" data-index=\"2\" ><div class=\"so-widget-sow-editor so-widget-sow-editor-base\">\n<div class=\"siteorigin-widget-tinymce textwidget\">\n\t<p><img loading=\"lazy\" class=\"alignnone wp-image-373 size-full\" src=\"https:\/\/schqc.cl\/sitio\/wp-content\/uploads\/2022\/04\/imagen-nueva-copia.png\" alt=\"\" width=\"698\" height=\"714\" srcset=\"https:\/\/schqc.cl\/sitio\/wp-content\/uploads\/2022\/04\/imagen-nueva-copia.png 698w, https:\/\/schqc.cl\/sitio\/wp-content\/uploads\/2022\/04\/imagen-nueva-copia-293x300.png 293w\" sizes=\"(max-width: 698px) 100vw, 698px\" \/><\/p>\n<\/div>\n<\/div><\/div><\/div><\/div><div id=\"pg-41-3\"  class=\"panel-grid panel-no-style\" ><div id=\"pgc-41-3-0\"  class=\"panel-grid-cell\" ><div id=\"panel-41-3-0-0\" class=\"so-panel widget widget_sow-editor panel-first-child panel-last-child\" data-index=\"3\" ><div class=\"so-widget-sow-editor so-widget-sow-editor-base\">\n<div class=\"siteorigin-widget-tinymce textwidget\">\n\t<p style=\"font-weight: 400;\">Estimados Socios:<\/p>\n<p style=\"font-weight: 400;\">Tenemos el agrado de informarles que como afiliados internacionales de COLABIOCLI y de la IFCC, tenemos la posibilidad de extender a nuestros socios, convocatoria para postular a becas de viaje de la IFCC para asistir al\u00a0XXV Congreso Latinoamericano en Le\u00f3n, Guanajuato, M\u00e9xico, este a\u00f1o\u00a0 2022 (adem\u00e1s de otros dos eventos), orientado a j\u00f3venes profesionales afiliados a COLABIOCLI a trav\u00e9s de sus entidades nacionales.<\/p>\n<p><strong><u>Requisito de postulaci\u00f3n :\u00a0<\/u><\/strong><\/p>\n<p>-Estar al d\u00eda en sus cuotas\u00a0 que lo acredite como Socio-Activo (se extender\u00e1 Certificado de la SCHQC)<\/p>\n<p><em>(<\/em><em>Les recordamos que la membres\u00eda anual de la SCHQC para el a\u00f1o 2021 es de $43.000\u00a0(a partir de marzo\u00a0 comienza la membresia\u00a02022).\u00a0Si desea regularizar su estado , favor contactarse con\u00a0<a href=\"mailto:pamela.diaz@schqc.cl\">pamela.diaz@schqc.cl<\/a>\u00a0para que le indique las directrices a seguir),<\/em><\/p>\n<p><em>-Primera vez que recibe una beca de viaje de la IFCC<\/em><\/p>\n<p><em>-Menos de 40 a\u00f1os de edad al 1\u00b0 de Enero de 2022.<\/em><\/p>\n<p><em>-Se dar\u00e1 prioridad a las personas que presenten un resumen, cuando corresponda.<\/em><\/p>\n<p><u><strong>Plazo para postular a la beca<\/strong><\/u>\u00a0:<\/p>\n<p>Los interesados en participar en el Congreso Latinoamericano de Bioqu\u00edmica Cl\u00ednica en la ciudad de Le\u00f3n, Guanajuato-M\u00e9xico, deben llenar el formulario adjunto que tambi\u00e9n se encuentra publicado\u00a0 p\u00e1gina WEB\u00a0de COLABIOCLI\u00a0\u00a0y enviar por correo electr\u00f3nico a la Oficina de la IFCC acompa\u00f1ado de los requisitos que solicita, a m\u00e1s tardar hasta el pr\u00f3ximo 15\/02\/2022.<\/p>\n<p>Les adjuntamos Carta de Convocatoria a Beca de la IFCC y Formulario de Postulaci\u00f3n a Beca.<\/p>\n<p>Reciban nuestro cordial saludo,<\/p>\n<p><strong>SOCIEDAD CHILENA DE QUIMICA CL\u00cdNICA\u00a0<\/strong><\/p>\n<p>&nbsp;<\/p>\n<p><a href=\"https:\/\/schqc.cl\/sitio\/wp-content\/uploads\/2022\/01\/2022-IFCC-Scholarships-Invitation-letter.pdf\">2022 IFCC Scholarships - Invitation letter<\/a><\/p>\n<p>&nbsp;<\/p>\n<p><a href=\"https:\/\/schqc.cl\/sitio\/wp-content\/uploads\/2022\/01\/2022-IFCC-Scholarships-Application-form-Sp.docx\">2022 IFCC Scholarships - Application form - Sp<\/a><\/p>\n<hr \/>\n<\/div>\n<\/div><\/div><\/div><\/div><div id=\"pg-41-4\"  class=\"panel-grid panel-no-style\" ><div id=\"pgc-41-4-0\"  class=\"panel-grid-cell\" ><div id=\"panel-41-4-0-0\" class=\"so-panel widget widget_sow-editor panel-first-child panel-last-child\" data-index=\"4\" ><div class=\"so-widget-sow-editor so-widget-sow-editor-base\"><h3 class=\"widget-title\">INSTITUTO NACIONAL DE NORMALIZACI\u00d3N<\/h3>\n<div class=\"siteorigin-widget-tinymce textwidget\">\n\t<p><img loading=\"lazy\" class=\"alignnone wp-image-350 size-full\" src=\"https:\/\/schqc.cl\/sitio\/wp-content\/uploads\/2022\/01\/crss.png\" alt=\"\" width=\"1033\" height=\"554\" srcset=\"https:\/\/schqc.cl\/sitio\/wp-content\/uploads\/2022\/01\/crss.png 1033w, https:\/\/schqc.cl\/sitio\/wp-content\/uploads\/2022\/01\/crss-300x161.png 300w, https:\/\/schqc.cl\/sitio\/wp-content\/uploads\/2022\/01\/crss-1024x549.png 1024w, https:\/\/schqc.cl\/sitio\/wp-content\/uploads\/2022\/01\/crss-768x412.png 768w\" sizes=\"(max-width: 1033px) 100vw, 1033px\" \/><\/p>\n<\/div>\n<\/div><\/div><\/div><\/div><div id=\"pg-41-5\"  class=\"panel-grid panel-no-style\" ><div id=\"pgc-41-5-0\"  class=\"panel-grid-cell\" ><div id=\"panel-41-5-0-0\" class=\"so-panel widget widget_sow-button panel-first-child panel-last-child\" data-index=\"5\" ><div class=\"so-widget-sow-button so-widget-sow-button-atom-25bcc0e40104-41\"><div class=\"ow-button-base ow-button-align-center\">\n\t<a href=\"https:\/\/c.innonline.cl\/\" class=\"ow-icon-placement-left ow-button-hover\" target=\"_blank\" rel=\"noopener noreferrer\" \t\t>\n\t\t<span>\n\t\t\t\n\t\t\t REVISAR CAPACITACIONES INN\t\t<\/span>\n\t<\/a>\n<\/div>\n<\/div><\/div><\/div><\/div><div id=\"pg-41-6\"  class=\"panel-grid panel-no-style\" ><div id=\"pgc-41-6-0\"  class=\"panel-grid-cell\" ><div id=\"panel-41-6-0-0\" class=\"so-panel widget widget_sow-editor panel-first-child panel-last-child\" data-index=\"6\" ><div class=\"so-widget-sow-editor so-widget-sow-editor-base\">\n<div class=\"siteorigin-widget-tinymce textwidget\">\n\t<p><a href=\"https:\/\/schqc.cl\/sitio\/calendario-ifcc\/\"><img loading=\"lazy\" class=\"alignnone wp-image-356 size-full\" src=\"https:\/\/schqc.cl\/sitio\/wp-content\/uploads\/2022\/01\/ifcc_bnnr.png\" alt=\"\" width=\"966\" height=\"232\" srcset=\"https:\/\/schqc.cl\/sitio\/wp-content\/uploads\/2022\/01\/ifcc_bnnr.png 966w, https:\/\/schqc.cl\/sitio\/wp-content\/uploads\/2022\/01\/ifcc_bnnr-300x72.png 300w, https:\/\/schqc.cl\/sitio\/wp-content\/uploads\/2022\/01\/ifcc_bnnr-768x184.png 768w, https:\/\/schqc.cl\/sitio\/wp-content\/uploads\/2022\/01\/ifcc_bnnr-960x232.png 960w\" sizes=\"(max-width: 966px) 100vw, 966px\" \/><\/a><a href=\"https:\/\/schqc.cl\/sitio\/calendario-ifcc\/\">Calendario IFCC<\/a><\/p>\n<\/div>\n<\/div><\/div><\/div><\/div><\/div>","protected":false},"excerpt":{"rendered":"<p>Bienvenidos a la Sociedad Chilena de Qu\u00edmica Cl\u00ednica &#8211; SCHQC In Memoriam Estimados Socios: Tenemos el agrado de informarles que como afiliados internacionales de COLABIOCLI y de la IFCC, tenemos la posibilidad de extender a nuestros socios, convocatoria para postular a becas de viaje de la IFCC para asistir al\u00a0XXV Congreso Latinoamericano en Le\u00f3n, Guanajuato, [&hellip;]<\/p>\n","protected":false},"author":1,"featured_media":0,"parent":0,"menu_order":0,"comment_status":"closed","ping_status":"closed","template":"","meta":[],"_links":{"self":[{"href":"https:\/\/schqc.cl\/sitio\/wp-json\/wp\/v2\/pages\/41"}],"collection":[{"href":"https:\/\/schqc.cl\/sitio\/wp-json\/wp\/v2\/pages"}],"about":[{"href":"https:\/\/schqc.cl\/sitio\/wp-json\/wp\/v2\/types\/page"}],"author":[{"embeddable":true,"href":"https:\/\/schqc.cl\/sitio\/wp-json\/wp\/v2\/users\/1"}],"replies":[{"embeddable":true,"href":"https:\/\/schqc.cl\/sitio\/wp-json\/wp\/v2\/comments?post=41"}],"version-history":[{"count":84,"href":"https:\/\/schqc.cl\/sitio\/wp-json\/wp\/v2\/pages\/41\/revisions"}],"predecessor-version":[{"id":375,"href":"https:\/\/schqc.cl\/sitio\/wp-json\/wp\/v2\/pages\/41\/revisions\/375"}],"wp:attachment":[{"href":"https:\/\/schqc.cl\/sitio\/wp-json\/wp\/v2\/media?parent=41"}],"curies":[{"name":"wp","href":"https:\/\/api.w.org\/{rel}","templated":true}]}}