{"id":113,"date":"2020-11-22T15:18:45","date_gmt":"2020-11-22T15:18:45","guid":{"rendered":"https:\/\/schqc.cl\/sitio\/?page_id=113"},"modified":"2020-11-22T19:20:53","modified_gmt":"2020-11-22T19:20:53","slug":"pago-de-cuotas","status":"publish","type":"page","link":"https:\/\/schqc.cl\/sitio\/pago-de-cuotas\/","title":{"rendered":"Pago de cuotas"},"content":{"rendered":"<p><strong>Datos SCHQC:<\/strong><\/p>\n<p><strong>Raz\u00f3n social<\/strong>: Sociedad Chilena de Qu\u00edmica Cl\u00ednica<\/p>\n<p>Rut: 71.411.600-2<\/p>\n<p><strong>Giro<\/strong>: Sociedad cient\u00edfica cursos y capacitaciones<\/p>\n<p><strong>Cuenta Corriente<\/strong>:<\/p>\n<p>Banco Scotiabank, N\u00b0 00840100054106<\/p>\n<p><strong>Correo electr\u00f3nico<\/strong>: <a href=\"mailto:contacto@schqc.cl\">contacto@schqc.cl<\/a><\/p>\n","protected":false},"excerpt":{"rendered":"<p>Datos SCHQC: Raz\u00f3n social: Sociedad Chilena de Qu\u00edmica Cl\u00ednica Rut: 71.411.600-2 Giro: Sociedad cient\u00edfica cursos y capacitaciones Cuenta Corriente: Banco Scotiabank, N\u00b0 00840100054106 Correo electr\u00f3nico: contacto@schqc.cl<\/p>\n","protected":false},"author":1,"featured_media":0,"parent":0,"menu_order":0,"comment_status":"closed","ping_status":"closed","template":"","meta":[],"_links":{"self":[{"href":"https:\/\/schqc.cl\/sitio\/wp-json\/wp\/v2\/pages\/113"}],"collection":[{"href":"https:\/\/schqc.cl\/sitio\/wp-json\/wp\/v2\/pages"}],"about":[{"href":"https:\/\/schqc.cl\/sitio\/wp-json\/wp\/v2\/types\/page"}],"author":[{"embeddable":true,"href":"https:\/\/schqc.cl\/sitio\/wp-json\/wp\/v2\/users\/1"}],"replies":[{"embeddable":true,"href":"https:\/\/schqc.cl\/sitio\/wp-json\/wp\/v2\/comments?post=113"}],"version-history":[{"count":2,"href":"https:\/\/schqc.cl\/sitio\/wp-json\/wp\/v2\/pages\/113\/revisions"}],"predecessor-version":[{"id":141,"href":"https:\/\/schqc.cl\/sitio\/wp-json\/wp\/v2\/pages\/113\/revisions\/141"}],"wp:attachment":[{"href":"https:\/\/schqc.cl\/sitio\/wp-json\/wp\/v2\/media?parent=113"}],"curies":[{"name":"wp","href":"https:\/\/api.w.org\/{rel}","templated":true}]}}